{"id":271,"date":"2016-11-29T14:52:20","date_gmt":"2016-11-29T14:52:20","guid":{"rendered":"http:\/\/wp.dankov-theme.pro\/universal\/?page_id=271"},"modified":"2025-10-20T10:15:06","modified_gmt":"2025-10-20T10:15:06","slug":"contact-us","status":"publish","type":"page","link":"https:\/\/www.lucemanufacture.fr\/?page_id=271","title":{"rendered":"Contact"},"content":{"rendered":"<p>[vc_row full_width=\u00a0\u00bbstretch_row_content_no_spaces\u00a0\u00bb content_placement=\u00a0\u00bbmiddle\u00a0\u00bb css=\u00a0\u00bb.vc_custom_1760954914931{background-image: url(http:\/\/www.lucemanufacture.fr\/wp-content\/uploads\/2025\/09\/MATIERE_Murano_5-scaled.jpg?id=2060) !important;background-position: center !important;background-repeat: no-repeat !important;background-size: cover !important;}\u00a0\u00bb][vc_column][vc_empty_space height=\u00a0\u00bb200px\u00a0\u00bb][\/vc_column][\/vc_row][vc_row css=\u00a0\u00bb.vc_custom_1760955232974{padding-top: 105px !important;padding-bottom: 100px !important;}\u00a0\u00bb][vc_column][vc_row_inner css=\u00a0\u00bb.vc_custom_1479804800604{margin-top: 50px !important;}\u00a0\u00bb][vc_column_inner width=\u00a0\u00bb1\/2&Prime; offset=\u00a0\u00bbvc_col-lg-5 vc_col-md-6 vc_col-xs-12&Prime;]<div class=\"promo-block  \"><h2>Entrons en contact<\/h2><p><\/p>\n              <\/div><p>Que vous voyez un marque de luxe, un mus\u00e9e, un cabinet d&#039;architecture int\u00e9rieur ou tout simplement un particulier, vous pouvez nous \u00e9crire ou nous t\u00e9l\u00e9phoner. Nous serons r\u00e9actifs dans nos propositions de solutions adapt\u00e9es \u00e0 votre projet.<\/p><hr><h5><i class=\"fa fa-map-marker fa-fw fa-lg\"><\/i> ZI de Thise \u2013 25220 Chalezeule<\/h5><h5><i class=\"fa fa-phone fa-fw fa-lg\"><\/i> <a href=\"tel:03 81 88 14 04\">03 81 88 14 04<\/a><\/h5>[\/vc_column_inner][vc_column_inner offset=\u00a0\u00bbvc_col-lg-offset-2 vc_col-lg-5 vc_col-md-6 vc_col-xs-12&Prime;]<div class=\"promo-block  \"><h2>D\u00e9crivez vos projet<\/h2><p><\/p>\n              <\/div>\n<div class=\"wpcf7 no-js\" id=\"wpcf7-f1391-o1\" lang=\"en-US\" dir=\"ltr\" data-wpcf7-id=\"1391\">\n<div class=\"screen-reader-response\"><p role=\"status\" aria-live=\"polite\" aria-atomic=\"true\"><\/p> <ul><\/ul><\/div>\n<form action=\"\/index.php?rest_route=%2Fwp%2Fv2%2Fpages%2F271#wpcf7-f1391-o1\" method=\"post\" class=\"wpcf7-form init\" aria-label=\"Contact form\" novalidate=\"novalidate\" data-status=\"init\">\n<fieldset class=\"hidden-fields-container\"><input type=\"hidden\" name=\"_wpcf7\" value=\"1391\" \/><input type=\"hidden\" name=\"_wpcf7_version\" value=\"6.1.2\" \/><input type=\"hidden\" name=\"_wpcf7_locale\" value=\"en_US\" \/><input type=\"hidden\" name=\"_wpcf7_unit_tag\" value=\"wpcf7-f1391-o1\" \/><input type=\"hidden\" name=\"_wpcf7_container_post\" value=\"0\" \/><input type=\"hidden\" name=\"_wpcf7_posted_data_hash\" value=\"\" \/>\n<\/fieldset>\n<div class=\"form-group floating-label-form-group controls\">\n\t<p><label for=\"name\" class=\"sr-only control-label\">You Name*<\/label><span class=\"wpcf7-form-control-wrap\" data-name=\"your-name\"><input size=\"40\" maxlength=\"400\" class=\"wpcf7-form-control wpcf7-text wpcf7-validates-as-required\" aria-required=\"true\" aria-invalid=\"false\" placeholder=\"Votre nom\" value=\"\" type=\"text\" name=\"your-name\" \/><\/span>\n\t<\/p>\n<\/div>\n<div class=\"form-group floating-label-form-group controls\">\n\t<p><label for=\"email\" class=\"sr-only control-label\">You Email*<\/label><span class=\"wpcf7-form-control-wrap\" data-name=\"your-email\"><input size=\"40\" maxlength=\"400\" class=\"wpcf7-form-control wpcf7-email wpcf7-validates-as-required wpcf7-text wpcf7-validates-as-email\" aria-required=\"true\" aria-invalid=\"false\" placeholder=\"Votre adresse email\" value=\"\" type=\"email\" name=\"your-email\" \/><\/span>\n\t<\/p>\n<\/div>\n<div class=\"form-group floating-label-form-group controls\">\n\t<p><label for=\"phone\" class=\"sr-only control-label\">You Phone<\/label><span class=\"wpcf7-form-control-wrap\" data-name=\"your-phone\"><input size=\"40\" maxlength=\"400\" class=\"wpcf7-form-control wpcf7-text\" aria-invalid=\"false\" placeholder=\"Votre num\u00e9ro de t\u00e9l\u00e9phone\" value=\"\" type=\"text\" name=\"your-phone\" \/><\/span>\n\t<\/p>\n<\/div>\n<div class=\"form-group floating-label-form-group controls\">\n\t<p><label for=\"message\" class=\"sr-only control-label\">Message<\/label><span class=\"wpcf7-form-control-wrap\" data-name=\"your-message\"><textarea cols=\"40\" rows=\"10\" maxlength=\"2000\" class=\"wpcf7-form-control wpcf7-textarea\" aria-invalid=\"false\" placeholder=\"Votre message\" name=\"your-message\"><\/textarea><\/span>\n\t<\/p>\n<\/div>\n<p><input class=\"wpcf7-form-control wpcf7-submit has-spinner\" type=\"submit\" value=\"Envoyer\" \/>\n<\/p><p style=\"display: none !important;\" class=\"akismet-fields-container\" data-prefix=\"_wpcf7_ak_\"><label>&#916;<textarea name=\"_wpcf7_ak_hp_textarea\" cols=\"45\" rows=\"8\" maxlength=\"100\"><\/textarea><\/label><input type=\"hidden\" id=\"ak_js_1\" name=\"_wpcf7_ak_js\" value=\"92\"\/><script>document.getElementById( \"ak_js_1\" ).setAttribute( \"value\", ( new Date() ).getTime() );<\/script><\/p><div class=\"wpcf7-response-output\" aria-hidden=\"true\"><\/div>\n<\/form>\n<\/div>\n[\/vc_column_inner][\/vc_row_inner][\/vc_column][\/vc_row][vc_row][vc_column][vc_single_image image=\u00a0\u00bb2222&Prime; img_size=\u00a0\u00bblarge\u00a0\u00bb alignment=\u00a0\u00bbcenter\u00a0\u00bb][vc_empty_space height=\u00a0\u00bb50px\u00a0\u00bb][\/vc_column][\/vc_row][vc_row full_width=\u00a0\u00bbstretch_row_content_no_spaces\u00a0\u00bb disable_element=\u00a0\u00bbyes\u00a0\u00bb][vc_column]<div id=\"map\" style=\"height:430px\"><p style=\"text-align: center;margin-bottom: 0;line-height: 430px;font-size: 21px;background:#fff;border-top:2px solid #eee;\">Please, set up your API key for display Google Maps.<\/p><\/div>[\/vc_column][\/vc_row]<\/p>\n","protected":false},"excerpt":{"rendered":"<p>[vc_row full_width=\u00a0\u00bbstretch_row_content_no_spaces\u00a0\u00bb content_placement=\u00a0\u00bbmiddle\u00a0\u00bb css=\u00a0\u00bb.vc_custom_1760954914931{background-image: url(http:\/\/www.lucemanufacture.fr\/wp-content\/uploads\/2025\/09\/MATIERE_Murano_5-scaled.jpg?id=2060) !important;background-position: center !important;background-repeat: no-repeat !important;background-size: cover !important;}\u00a0\u00bb][vc_column][vc_empty_space height=\u00a0\u00bb200px\u00a0\u00bb][\/vc_column][\/vc_row][vc_row css=\u00a0\u00bb.vc_custom_1760955232974{padding-top: 105px !important;padding-bottom: 100px !important;}\u00a0\u00bb][vc_column][vc_row_inner css=\u00a0\u00bb.vc_custom_1479804800604{margin-top: 50px !important;}\u00a0\u00bb][vc_column_inner width=\u00a0\u00bb1\/2&Prime; offset=\u00a0\u00bbvc_col-lg-5 vc_col-md-6 vc_col-xs-12&Prime;][\/vc_column_inner][vc_column_inner offset=\u00a0\u00bbvc_col-lg-offset-2 vc_col-lg-5 vc_col-md-6 vc_col-xs-12&Prime;][\/vc_column_inner][\/vc_row_inner][\/vc_column][\/vc_row][vc_row][vc_column][vc_single_image image=\u00a0\u00bb2222&Prime; img_size=\u00a0\u00bblarge\u00a0\u00bb alignment=\u00a0\u00bbcenter\u00a0\u00bb][vc_empty_space height=\u00a0\u00bb50px\u00a0\u00bb][\/vc_column][\/vc_row][vc_row full_width=\u00a0\u00bbstretch_row_content_no_spaces\u00a0\u00bb disable_element=\u00a0\u00bbyes\u00a0\u00bb][vc_column][\/vc_column][\/vc_row]<\/p>\n","protected":false},"author":1,"featured_media":1637,"parent":0,"menu_order":0,"comment_status":"closed","ping_status":"closed","template":"visual-composer.php","meta":{"inline_featured_image":false,"footnotes":""},"class_list":["post-271","page","type-page","status-publish","has-post-thumbnail","hentry"],"yoast_head":"<!-- This site is optimized with the Yoast SEO plugin v26.0 - https:\/\/yoast.com\/wordpress\/plugins\/seo\/ -->\n<title>Contact - LUCE<\/title>\n<meta name=\"robots\" content=\"noindex, follow, max-snippet:-1, max-image-preview:large, max-video-preview:-1\" \/>\n<meta property=\"og:locale\" content=\"fr_FR\" \/>\n<meta property=\"og:type\" content=\"article\" \/>\n<meta property=\"og:title\" content=\"Contact - LUCE\" \/>\n<meta property=\"og:description\" content=\"[vc_row full_width=\u00a0\u00bbstretch_row_content_no_spaces\u00a0\u00bb content_placement=\u00a0\u00bbmiddle\u00a0\u00bb css=\u00a0\u00bb.vc_custom_1760954914931{background-image: url(http:\/\/www.lucemanufacture.fr\/wp-content\/uploads\/2025\/09\/MATIERE_Murano_5-scaled.jpg?id=2060) !important;background-position: center !important;background-repeat: no-repeat !important;background-size: cover !important;}\u00a0\u00bb][vc_column][vc_empty_space height=\u00a0\u00bb200px\u00a0\u00bb][\/vc_column][\/vc_row][vc_row css=\u00a0\u00bb.vc_custom_1760955232974{padding-top: 105px !important;padding-bottom: 100px !important;}\u00a0\u00bb][vc_column][vc_row_inner css=\u00a0\u00bb.vc_custom_1479804800604{margin-top: 50px !important;}\u00a0\u00bb][vc_column_inner width=\u00a0\u00bb1\/2&Prime; offset=\u00a0\u00bbvc_col-lg-5 vc_col-md-6 vc_col-xs-12&Prime;][\/vc_column_inner][vc_column_inner offset=\u00a0\u00bbvc_col-lg-offset-2 vc_col-lg-5 vc_col-md-6 vc_col-xs-12&Prime;][\/vc_column_inner][\/vc_row_inner][\/vc_column][\/vc_row][vc_row][vc_column][vc_single_image image=\u00a0\u00bb2222&Prime; img_size=\u00a0\u00bblarge\u00a0\u00bb alignment=\u00a0\u00bbcenter\u00a0\u00bb][vc_empty_space height=\u00a0\u00bb50px\u00a0\u00bb][\/vc_column][\/vc_row][vc_row full_width=\u00a0\u00bbstretch_row_content_no_spaces\u00a0\u00bb disable_element=\u00a0\u00bbyes\u00a0\u00bb][vc_column][\/vc_column][\/vc_row]\" \/>\n<meta property=\"og:url\" content=\"https:\/\/www.lucemanufacture.fr\/?page_id=271\" \/>\n<meta property=\"og:site_name\" content=\"LUCE\" \/>\n<meta property=\"article:modified_time\" content=\"2025-10-20T10:15:06+00:00\" \/>\n<meta name=\"twitter:card\" content=\"summary_large_image\" \/>\n<meta name=\"twitter:label1\" content=\"Dur\u00e9e de lecture estim\u00e9e\" \/>\n\t<meta name=\"twitter:data1\" content=\"1 minute\" \/>\n<script type=\"application\/ld+json\" class=\"yoast-schema-graph\">{\"@context\":\"https:\/\/schema.org\",\"@graph\":[{\"@type\":\"WebPage\",\"@id\":\"https:\/\/www.lucemanufacture.fr\/?page_id=271\",\"url\":\"https:\/\/www.lucemanufacture.fr\/?page_id=271\",\"name\":\"Contact - LUCE\",\"isPartOf\":{\"@id\":\"https:\/\/www.lucemanufacture.fr\/#website\"},\"primaryImageOfPage\":{\"@id\":\"https:\/\/www.lucemanufacture.fr\/?page_id=271#primaryimage\"},\"image\":{\"@id\":\"https:\/\/www.lucemanufacture.fr\/?page_id=271#primaryimage\"},\"thumbnailUrl\":\"\",\"datePublished\":\"2016-11-29T14:52:20+00:00\",\"dateModified\":\"2025-10-20T10:15:06+00:00\",\"breadcrumb\":{\"@id\":\"https:\/\/www.lucemanufacture.fr\/?page_id=271#breadcrumb\"},\"inLanguage\":\"fr-FR\",\"potentialAction\":[{\"@type\":\"ReadAction\",\"target\":[\"https:\/\/www.lucemanufacture.fr\/?page_id=271\"]}]},{\"@type\":\"ImageObject\",\"inLanguage\":\"fr-FR\",\"@id\":\"https:\/\/www.lucemanufacture.fr\/?page_id=271#primaryimage\",\"url\":\"\",\"contentUrl\":\"\"},{\"@type\":\"BreadcrumbList\",\"@id\":\"https:\/\/www.lucemanufacture.fr\/?page_id=271#breadcrumb\",\"itemListElement\":[{\"@type\":\"ListItem\",\"position\":1,\"name\":\"Accueil\",\"item\":\"https:\/\/www.lucemanufacture.fr\/\"},{\"@type\":\"ListItem\",\"position\":2,\"name\":\"Contact\"}]},{\"@type\":\"WebSite\",\"@id\":\"https:\/\/www.lucemanufacture.fr\/#website\",\"url\":\"https:\/\/www.lucemanufacture.fr\/\",\"name\":\"Manufacture LUCE\",\"description\":\"Manufacture Fran\u00e7aise\",\"publisher\":{\"@id\":\"https:\/\/www.lucemanufacture.fr\/#organization\"},\"potentialAction\":[{\"@type\":\"SearchAction\",\"target\":{\"@type\":\"EntryPoint\",\"urlTemplate\":\"https:\/\/www.lucemanufacture.fr\/?s={search_term_string}\"},\"query-input\":{\"@type\":\"PropertyValueSpecification\",\"valueRequired\":true,\"valueName\":\"search_term_string\"}}],\"inLanguage\":\"fr-FR\"},{\"@type\":\"Organization\",\"@id\":\"https:\/\/www.lucemanufacture.fr\/#organization\",\"name\":\"Manufacture LUCE\",\"url\":\"https:\/\/www.lucemanufacture.fr\/\",\"logo\":{\"@type\":\"ImageObject\",\"inLanguage\":\"fr-FR\",\"@id\":\"https:\/\/www.lucemanufacture.fr\/#\/schema\/logo\/image\/\",\"url\":\"https:\/\/www.lucemanufacture.fr\/wp-content\/uploads\/2025\/08\/Logo-Manufacture-Luce.png\",\"contentUrl\":\"https:\/\/www.lucemanufacture.fr\/wp-content\/uploads\/2025\/08\/Logo-Manufacture-Luce.png\",\"width\":1296,\"height\":690,\"caption\":\"Manufacture LUCE\"},\"image\":{\"@id\":\"https:\/\/www.lucemanufacture.fr\/#\/schema\/logo\/image\/\"}}]}<\/script>\n<!-- \/ Yoast SEO plugin. -->","yoast_head_json":{"title":"Contact - LUCE","robots":{"index":"noindex","follow":"follow","max-snippet":"max-snippet:-1","max-image-preview":"max-image-preview:large","max-video-preview":"max-video-preview:-1"},"og_locale":"fr_FR","og_type":"article","og_title":"Contact - LUCE","og_description":"[vc_row full_width=\u00a0\u00bbstretch_row_content_no_spaces\u00a0\u00bb content_placement=\u00a0\u00bbmiddle\u00a0\u00bb css=\u00a0\u00bb.vc_custom_1760954914931{background-image: url(http:\/\/www.lucemanufacture.fr\/wp-content\/uploads\/2025\/09\/MATIERE_Murano_5-scaled.jpg?id=2060) !important;background-position: center !important;background-repeat: no-repeat !important;background-size: cover !important;}\u00a0\u00bb][vc_column][vc_empty_space height=\u00a0\u00bb200px\u00a0\u00bb][\/vc_column][\/vc_row][vc_row css=\u00a0\u00bb.vc_custom_1760955232974{padding-top: 105px !important;padding-bottom: 100px !important;}\u00a0\u00bb][vc_column][vc_row_inner css=\u00a0\u00bb.vc_custom_1479804800604{margin-top: 50px !important;}\u00a0\u00bb][vc_column_inner width=\u00a0\u00bb1\/2&Prime; offset=\u00a0\u00bbvc_col-lg-5 vc_col-md-6 vc_col-xs-12&Prime;][\/vc_column_inner][vc_column_inner offset=\u00a0\u00bbvc_col-lg-offset-2 vc_col-lg-5 vc_col-md-6 vc_col-xs-12&Prime;][\/vc_column_inner][\/vc_row_inner][\/vc_column][\/vc_row][vc_row][vc_column][vc_single_image image=\u00a0\u00bb2222&Prime; img_size=\u00a0\u00bblarge\u00a0\u00bb alignment=\u00a0\u00bbcenter\u00a0\u00bb][vc_empty_space height=\u00a0\u00bb50px\u00a0\u00bb][\/vc_column][\/vc_row][vc_row full_width=\u00a0\u00bbstretch_row_content_no_spaces\u00a0\u00bb disable_element=\u00a0\u00bbyes\u00a0\u00bb][vc_column][\/vc_column][\/vc_row]","og_url":"https:\/\/www.lucemanufacture.fr\/?page_id=271","og_site_name":"LUCE","article_modified_time":"2025-10-20T10:15:06+00:00","twitter_card":"summary_large_image","twitter_misc":{"Dur\u00e9e de lecture estim\u00e9e":"1 minute"},"schema":{"@context":"https:\/\/schema.org","@graph":[{"@type":"WebPage","@id":"https:\/\/www.lucemanufacture.fr\/?page_id=271","url":"https:\/\/www.lucemanufacture.fr\/?page_id=271","name":"Contact - LUCE","isPartOf":{"@id":"https:\/\/www.lucemanufacture.fr\/#website"},"primaryImageOfPage":{"@id":"https:\/\/www.lucemanufacture.fr\/?page_id=271#primaryimage"},"image":{"@id":"https:\/\/www.lucemanufacture.fr\/?page_id=271#primaryimage"},"thumbnailUrl":"","datePublished":"2016-11-29T14:52:20+00:00","dateModified":"2025-10-20T10:15:06+00:00","breadcrumb":{"@id":"https:\/\/www.lucemanufacture.fr\/?page_id=271#breadcrumb"},"inLanguage":"fr-FR","potentialAction":[{"@type":"ReadAction","target":["https:\/\/www.lucemanufacture.fr\/?page_id=271"]}]},{"@type":"ImageObject","inLanguage":"fr-FR","@id":"https:\/\/www.lucemanufacture.fr\/?page_id=271#primaryimage","url":"","contentUrl":""},{"@type":"BreadcrumbList","@id":"https:\/\/www.lucemanufacture.fr\/?page_id=271#breadcrumb","itemListElement":[{"@type":"ListItem","position":1,"name":"Accueil","item":"https:\/\/www.lucemanufacture.fr\/"},{"@type":"ListItem","position":2,"name":"Contact"}]},{"@type":"WebSite","@id":"https:\/\/www.lucemanufacture.fr\/#website","url":"https:\/\/www.lucemanufacture.fr\/","name":"Manufacture LUCE","description":"Manufacture Fran\u00e7aise","publisher":{"@id":"https:\/\/www.lucemanufacture.fr\/#organization"},"potentialAction":[{"@type":"SearchAction","target":{"@type":"EntryPoint","urlTemplate":"https:\/\/www.lucemanufacture.fr\/?s={search_term_string}"},"query-input":{"@type":"PropertyValueSpecification","valueRequired":true,"valueName":"search_term_string"}}],"inLanguage":"fr-FR"},{"@type":"Organization","@id":"https:\/\/www.lucemanufacture.fr\/#organization","name":"Manufacture LUCE","url":"https:\/\/www.lucemanufacture.fr\/","logo":{"@type":"ImageObject","inLanguage":"fr-FR","@id":"https:\/\/www.lucemanufacture.fr\/#\/schema\/logo\/image\/","url":"https:\/\/www.lucemanufacture.fr\/wp-content\/uploads\/2025\/08\/Logo-Manufacture-Luce.png","contentUrl":"https:\/\/www.lucemanufacture.fr\/wp-content\/uploads\/2025\/08\/Logo-Manufacture-Luce.png","width":1296,"height":690,"caption":"Manufacture LUCE"},"image":{"@id":"https:\/\/www.lucemanufacture.fr\/#\/schema\/logo\/image\/"}}]}},"_links":{"self":[{"href":"https:\/\/www.lucemanufacture.fr\/index.php?rest_route=\/wp\/v2\/pages\/271","targetHints":{"allow":["GET"]}}],"collection":[{"href":"https:\/\/www.lucemanufacture.fr\/index.php?rest_route=\/wp\/v2\/pages"}],"about":[{"href":"https:\/\/www.lucemanufacture.fr\/index.php?rest_route=\/wp\/v2\/types\/page"}],"author":[{"embeddable":true,"href":"https:\/\/www.lucemanufacture.fr\/index.php?rest_route=\/wp\/v2\/users\/1"}],"replies":[{"embeddable":true,"href":"https:\/\/www.lucemanufacture.fr\/index.php?rest_route=%2Fwp%2Fv2%2Fcomments&post=271"}],"version-history":[{"count":8,"href":"https:\/\/www.lucemanufacture.fr\/index.php?rest_route=\/wp\/v2\/pages\/271\/revisions"}],"predecessor-version":[{"id":2450,"href":"https:\/\/www.lucemanufacture.fr\/index.php?rest_route=\/wp\/v2\/pages\/271\/revisions\/2450"}],"wp:featuredmedia":[{"embeddable":true,"href":"https:\/\/www.lucemanufacture.fr\/index.php?rest_route=\/"}],"wp:attachment":[{"href":"https:\/\/www.lucemanufacture.fr\/index.php?rest_route=%2Fwp%2Fv2%2Fmedia&parent=271"}],"curies":[{"name":"wp","href":"https:\/\/api.w.org\/{rel}","templated":true}]}}